05
-601 (base 14) to base 13
-6c7
-3503 (base 10) to base 4
-312233
What is -333012 (base 4) in base 2?
-111111000110
What is b684 (base 15) in base 13?
14752
Convert 5301 (base 9) to base 8.
7461
-98 (base 14) to base 3
-11222
1810 (base 13) to base 6
24254
133c (base 13) to base 2
101011000011
Convert 8d09 (base 15) to base 6.
350330
Convert aa3 (base 12) to base 4.
120123
What is 1223 (base 12) in base 16?
7fb
Convert 1335 (base 7) to base 11.
42a
What is 202210 (base 3) in base 5?
4221
What is 111001011 (base 2) in base 16?
1cb
-14b4 (base 14) to base 6
-25022
What is 117 (base 13) in base 16?
bd
295 (base 11) to base 8
532
Convert 3057 (base 9) to base 2.
100010111111
-311012 (base 5) to base 14
-399a
-2000012012 (base 3) to base 8
-115122
Convert 44051 (base 6) to base 14.
2303
Convert 775 (base 11) to base 9.
1242
Convert -1a29 (base 11) to base 9.
-3467
What is 250015 (base 6) in base 2?
101011000011011
What is 11102110 (base 3) in base 6?
22533
What is 88b (base 14) in base 5?
23231
Convert 110d (base 14) to base 9.
4041
-4 (base 6) to base 10
-4
What is 12022011 (base 3) in base 7?
14161
162 (base 7) to base 5
333
What is 286a (base 11) in base 16?
e7a
111011001110110 (base 2) to base 4
13121312
What is -90 (base 15) in base 11?
-113
Convert 131000 (base 4) to base 7.
5261
What is 3438 (base 12) in base 11?
43a7
-13041 (base 6) to base 4
-132301
Convert -12211211 (base 3) to base 9.
-5754
10624 (base 8) to base 7
16056
-1111111111101 (base 2) to base 9
-12208
Convert -7875 (base 9) to base 13.
-2858
What is 4773 (base 8) in base 13?
1217
Convert -2a01 (base 13) to base 9.
-8311
What is 421004 (base 5) in base 3?
201001001
What is 1485 (base 14) in base 9?
5000
10088 (base 10) to base 12
5a08
What is 240 (base 12) in base 9?
413
Convert -37447 (base 8) to base 3.
-211011210
2022200 (base 3) to base 16
69c
What is -2010 (base 4) in base 9?
-156
Convert ba5 (base 13) to base 6.
13122
Convert -2320220 (base 4) to base 2.
-10111000101000
Convert -400100 (base 5) to base 12.
-72b9
What is 350 (base 6) in base 5?
1023
-125a3 (base 12) to base 11
-1789a
Convert -103000310 (base 4) to base 16.
-13034
1139b (base 14) to base 11
29518
What is 1044104 (base 6) in base 13?
1b013
Convert 10463 (base 7) to base 11.
1a92
Convert -c7 (base 13) to base 8.
-243
Convert -1c1d (base 15) to base 8.
-13727
Convert 14301 (base 12) to base 11.
1a109
Convert -3015 (base 7) to base 3.
-1102120
What is 3693 (base 10) in base 4?
321231
What is 4576 (base 8) in base 13?
114c
11002200 (base 3) to base 10
2988
Convert 2392 (base 11) to base 9.
4253
-221242 (base 6) to base 2
-100100000011010
What is -121222 (base 6) in base 7?
-43052
What is 1002201 (base 3) in base 2?
1100100010
Convert 967 (base 10) to base 8.
1707
Convert -1000100111110 (base 2) to base 13.
-2017
What is -8413 (base 12) in base 8?
-34117
What is -3532 (base 12) in base 8?
-13466
Convert 410 (base 10) to base 3.
120012
10460 (base 11) to base 3
202211122
What is -147 (base 9) in base 12?
-a4
What is -102305 (base 6) in base 5?
-231241
Convert -1097 (base 16) to base 7.
-15245
What is 11100110001 (base 2) in base 10?
1841
Convert 9a6 (base 11) to base 5.
14310
What is -1062 (base 7) in base 13?
-23a
What is 126141 (base 7) in base 15?
7080
Convert -24ac (base 13) to base 2.
-1010001011100
Convert -200102020 (base 3) to base 8.
-32161
Convert 1874 (base 10) to base 5.
24444
What is 213 (base 4) in base 15?
29
What is -3320 (base 8) in base 13?
-a42
-2100 (base 8) to base 10
-1088
Convert 1315 (base 6) to base 11.
285
What is 1246 (base 8) in base 12?
486
10020 (base 6) to base 12
910
14403 (base 9) to base 12
5810
What is 21450 (base 10) in base 11?
15130
What is 1202222 (base 3) in base 2?
10100001111
Convert -126063 (base 7) to base 16.
-5ca0
Convert 1485 (base 16) to base 13.
2511
What is 281 (base 11) in base 13?
1c6
What is 110101100 (base 2) in base 15?
1d8
Convert 390 (base 15) to base 4.
30222
-b233 (base 14) to base 10
-30621
98b (base 15) to base 14
b00
Convert 249 (base 10) to base 14.
13b
Convert 40132 (base 5) to base 16.
9ee
Convert 8cb0 (base 15) to base 7.
153033
What is -2e8 (base 15) in base 2?
-1010011100
Convert -3523 (base 6) to base 5.
-11333
What is 793 (base 12) in base 16?
45f
Convert -554 (base 11) to base 16.
-298
Convert -21202210 (base 3) to base 14.
-20c8
Convert -1131031 (base 4) to base 12.
-3551
-6825 (base 9) to base 15
-1765
What is 761 (base 13) in base 8?
2356
-9aa (base 15) to base 6
-14041
-2151 (base 12) to base 3
-12000121
What is 150 (base 16) in base 10?
336
What is 8083 (base 10) in base 14?
2d35
Convert 485 (base 10) to base 2.
111100101
-1525 (base 6) to base 2
-110011101
-257a (base 12) to base 9
-5764
What is -91 (base 12) in base 6?
-301
Convert -25773 (base 9) to base 15.
-5250
What is 102101 (base 3) in base 16?
133
What is -1444 (base 10) in base 16?
-5a4
What is 101414 (base 7) in base 3?
212210212
What is -6ca (base 15) in base 14?
-7c0
Convert 3640 (base 7) to base 12.
947
What is -210021 (base 3) in base 2?
-1000111110
What is 1052 (base 7) in base 2?
101111100
Convert 123200 (base 4) to base 14.
8da
What is -1231 (base 4) in base 6?
-301
Convert 635 (base 12) to base 4.
32021
Convert 11110110000 (base 2) to base 6.
13040
Convert -10001010 (base 2) to base 10.
-138
What is -1 (base 3) in base 14?
-1
Convert -1304 (base 6) to base 7.
-646
-1043 (base 6) to base 16
-f3
Convert -51239 (base 10) to base 4.
-30200213
What is -1eb2 (base 16) in base 12?
-466a
What is -101001001100 (base 2) in base 13?
-127a
Convert -3027 (base 8) to base 15.
-6de
-8311 (base 9) to base 15
-1c0a
What is 5176 (base 10) in base 14?
1c5a
Convert -1896 (base 13) to base 14.
-14a4
4a6a (base 16) to base 2
100101001101010
What is 3151 (base 11) in base 15?
1380
What is 20431 (base 6) in base 14?
100b
What is -11654 (base 7) in base 6?
-22125
Convert 2122113 (base 4) to base 16.
2697
Convert 20646 (base 7) to base 8.
12012
-5609 (base 10) to base 9
-7622
Convert 315 (base 15) to base 5.
10240
-16310 (base 8) to base 3
-101002220
What is -193 (base 12) in base 6?
-1103
1110010011100 (base 2) to base 16
1c9c
What is -3331203 (base 4) in base 14?
-5cb1
175 (base 14) to base 6
1215
1344 (base 8) to base 16
2e4
What is -14645 (base 14) in base 9?
-76404
Convert -1890 (base 11) to base 4.
-211132
Convert -1140 (base 9) to base 10.
-846
-1 (base 3) to base 8
-1
Convert -35375 (base 9) to base 7.
-125630
What is 544 (base 11) in base 7?
1622
What is -1104 (base 7) in base 13?
-246
10070 (base 10) to base 12
59b2
Convert 100110101110 (base 2) to base 3.
10101210
Convert -200 (base 6) to base 7.
-132
-163017 (base 8) to base 10
-58895
538 (base 11) to base 10
646
249 (base 11) to base 12
207
4141 (base 10) to base 16
102d
What is -224042 (base 5) in base 10?
-8022
-35104 (base 6) to base 7
-20413
What is 1504 (base 7) in base 6?
2424
What is 330212 (base 4) in base 7?
14210
6487 (base 9) to base 10
4777
Convert -341 (base 8) to base 9.
-270
What is 21120222 (base 3) in base 6?
41342
Convert -3c02 (base 13) to base 12.
-4ba5
Convert -4e3e (base 15) to base 7.
-66500
481 (base 15) to base 3
1101211
-4224 (base 5) to base 16
-234
Convert -2102 (base 8) to base 5.
-13330
198 (base 14) to base 16
14a
What is 45c (base 13) in base 16?
2f1
What is 1d44 (base 15) in base 7?
24361
-3452 (base 7) to base 14
-662
Convert -2220 (base 3) to base 9.
-86
Convert 101000101100000 (base 2) to base 6.
240240
What is -2542 (base 7) in base 12?
-681
What is 3011224 (base 5) in base 6?
1004441
What is dbe5 (base 16) in base 5?
3300133
Convert 9297 (base 14) to base 10.
25221
What is 2e (base 16) in base 13?
37
-1360 (base 8) to base 14
-3ba
What is 3571 (base 8) in base 14?
9a9
Convert -4244 (base 10) to base 6.
-31352
What is 3123121 (base 4) in base 3?
201021001
173 (base 14) to base 4
10221
Convert 3232303 (base 4) to base 15.
47dd
Convert -110021 (base 3) to base 13.
-1c6
Convert ce97 (base 15) to base 13.
16c18
What is -11233 (base 4) in base 16?
-16f
-1b14 (base 12) to base 3
-11120021
112012 (base 5) to base 2
111110100111
What is -1101010011 (base 2) in base 14?
-44b
Convert 385 (base 9) to base 16.
140
-68d7 (base 16) to base 9
-40731
-1010110111101100 (base 2) to base 11
-304a7
-10111000110